 and 106740.
20
Calculate the highest common divisor of 21590 and 1275.
85
What is the highest common factor of 1541185 and 38?
19
What is the highest common factor of 2527 and 91?
7
What is the highest common divisor of 37302 and 18?
6
Calculate the highest common divisor of 4110 and 17536.
274
What is the highest common divisor of 75 and 30315?
15
Calculate the greatest common divisor of 3 and 19122.
3
Calculate the greatest common factor of 47104 and 230.
46
What is the highest common factor of 50284 and 52?
52
Calculate the highest common divisor of 12105081 and 9.
9
Calculate the highest common divisor of 65340 and 7884.
108
Calculate the greatest common divisor of 54 and 293760.
54
What is the highest common factor of 20667 and 5727?
249
What is the highest common divisor of 157885 and 3367?
91
What is the greatest common factor of 1286235 and 7075?
1415
What is the greatest common divisor of 2032 and 16?
16
Calculate the highest common factor of 270 and 1415340.
270
Calculate the greatest common divisor of 990880 and 220.
220
Calculate the highest common divisor of 88116 and 700.
28
Calculate the highest common factor of 8 and 69416.
8
Calculate the greatest common factor of 2232 and 285324.
372
Calculate the greatest common divisor of 22792 and 107184.
616
What is the greatest common divisor of 88671 and 22?
11
What is the greatest common divisor of 212680 and 40?
40
What is the greatest common divisor of 11033297 and 1551?
517
What is the highest common factor of 49997 and 1156?
289
What is the greatest common divisor of 29952 and 13572?
468
Calculate the highest common factor of 1278 and 23553.
9
What is the greatest common factor of 234 and 165708?
18
What is the greatest common divisor of 2780 and 500?
20
What is the greatest common factor of 263448 and 27?
9
What is the highest common divisor of 8245 and 153?
17
What is the highest common factor of 27450 and 100?
50
Calculate the highest common divisor of 306 and 4349637.
153
What is the highest common factor of 426741 and 147?
147
What is the highest common divisor of 112266 and 6314?
154
Calculate the highest common divisor of 28 and 11662.
14
What is the highest common divisor of 216 and 2586?
6
What is the greatest common divisor of 1607676 and 12?
12
Calculate the highest common factor of 70 and 300125.
35
What is the greatest common divisor of 803 and 138189?
73
What is the greatest common factor of 1190 and 20510?
70
Calculate the greatest common divisor of 72 and 13848.
24
What is the highest common divisor of 22938 and 6?
6
What is the highest common factor of 54909 and 9?
9
What is the highest common factor of 4623 and 76935?
69
What is the greatest common factor of 434 and 7490?
14
Calculate the greatest common divisor of 6417 and 15801.
69
Calculate the greatest common divisor of 2088 and 2000.
8
Calculate the highest common factor of 190916 and 44.
44
Calculate the greatest common divisor of 7004 and 1836.
68
What is the highest common factor of 63168 and 7567?
329
Calculate the highest common factor of 409864 and 728.
728
What is the greatest common divisor of 364 and 8428?
28
What is the highest common divisor of 144 and 8704?
16
What is the greatest common divisor of 185625 and 550?
275
What is the greatest common factor of 15 and 244565?
5
Calculate the highest common divisor of 720 and 576.
144
Calculate the highest common factor of 6173858 and 563.
563
What is the greatest common factor of 3 and 417249?
3
Calculate the greatest common factor of 596 and 221414.
298
Calculate the greatest common factor of 83 and 9738805.
83
What is the greatest common divisor of 34662 and 42837?
327
Calculate the highest common divisor of 69945 and 105.
15
Calculate the greatest common divisor of 301782 and 58838.
1898
What is the greatest common divisor of 14946 and 2538?
282
What is the highest common divisor of 9976084 and 106?
106
What is the highest common divisor of 1209 and 1612?
403
What is the highest common factor of 4122 and 774?
18
Calculate the highest common factor of 2850 and 29550.
150
What is the highest common factor of 57 and 1288941?
57
Calculate the greatest common factor of 3579961 and 1045.
209
What is the highest common factor of 273 and 11505?
39
Calculate the highest common factor of 276437 and 322.
161
What is the greatest common factor of 375 and 124725?
75
What is the highest common divisor of 23052 and 3252?
12
Calculate the greatest common factor of 265860 and 59220.
1260
What is the greatest common factor of 18 and 67306?
2
What is the greatest common divisor of 2632 and 41125?
329
What is the greatest common divisor of 252065 and 110?
55
Calculate the highest common divisor of 1612 and 292981.
403
Calculate the highest common factor of 80 and 13896.
8
What is the highest common divisor of 648 and 20736?
648
What is the greatest common divisor of 1167 and 854633?
389
Calculate the greatest common factor of 928801 and 453.
151
Calculate the greatest common factor of 336680 and 3800.
760
Calculate the greatest common factor of 8295178 and 74.
74
Calculate the highest common divisor of 58 and 508.
2
Calculate the greatest common factor of 11565 and 38036.
257
Calculate the greatest common divisor of 550188 and 837.
279
Calculate the greatest common factor of 147 and 739158.
21
Calculate the highest common factor of 7398 and 1062.
18
Calculate the highest common factor of 327 and 375.
3
What is the highest common divisor of 304325 and 777?
259
What is the greatest common divisor of 981 and 17685?
9
What is the highest common divisor of 1160 and 47995?
145
What is the highest common factor of 1505515 and 310?
155
What is the greatest common factor of 396 and 933588?
36
What is the highest common factor of 2360772 and 36?
36
What is the highest common factor of 6204 and 734657?
517
What is the highest common factor of 56 and 16394?
14
What is the highest common factor of 15080 and 10730?
290
Calculate the highest common divisor of 77 and 45529.
11
Calculate the highest common divisor of 63 and 2346771.
21
Calculate the greatest common divisor of 197168 and 64.
16
What is the highest common divisor of 43027 and 85?
17
Calculate the highest common factor of 53954 and 34662.
106
Calculate the highest common divisor of 2973663 and 99.
99
What is the highest common factor of 233 and 2609?
1
What is the greatest common divisor of 45620 and 480?
20
What is the highest common factor of 702 and 143?
13
Calculate the highest common factor of 6784 and 1378.
106
What is the highest common divisor of 401580 and 7360?
460
Calculate the greatest common factor of 3741 and 1131.
87
What is the greatest common divisor of 13412 and 728?
28
What is the greatest common divisor of 35232 and 16?
16
What is the highest common divisor of 100126 and 78?
26
What is the greatest common divisor of 339767 and 41?
41
Calculate the highest common divisor of 58433 and 71.
71
Calculate the highest common factor of 5783 and 1.
1
What is the highest common divisor of 99849 and 332?
83
What is the highest common factor of 23446 and 13946?
38
What is the highest common divisor of 1545 and 110622?
309
Calculate the highest common divisor of 2413 and 95.
19
What is the greatest common divisor of 1065 and 4335?
15
Calculate the highest common factor of 159736 and 33603.
487
Calculate the highest common factor of 60963 and 42.
21
What is the highest common divisor of 2212 and 56?
28
Calculate the highest common factor of 366 and 2157.
3
What is the greatest common factor of 40430 and 234?
26
What is the highest common factor of 268177 and 140?
7
What is the greatest common factor of 266 and 472283?
133
What is the greatest common divisor of 6169 and 93?
31
What is the greatest common factor of 447414 and 33?
33
What is the greatest common divisor of 15781 and 860?
43
What is the greatest common divisor of 48 and 8562?
6
What is the greatest common divisor of 2728 and 263736?
88
Calculate the greatest common factor of 3692 and 6318.
26
Calculate the greatest common divisor of 929305 and 85.
85
What is the greatest common factor of 4625675 and 25?
25
Calculate the greatest common divisor of 1406 and 2960.
74
Calculate the greatest common divisor of 16 and 1813.
1
What is the greatest common di